0. What is the greatest common divisor of 12 and k?
6
Suppose 0 = -3*l + 815 + 145. What is the highest common divisor of 10 and l?
10
Let l be (-3*28)/((-3)/2). Let s = 16 - 8. Calculate the highest common divisor of s and l.
8
Suppose 9*a = 402 + 57. Calculate the greatest common divisor of 17 and a.
17
Let r(g) = g**2 - 2*g + 6. Let j be r(4). What is the greatest common divisor of j and 56?
14
Let t = 972 - 549. What is the greatest common divisor of 47 and t?
47
Let z = -123 - -177. Calculate the greatest common divisor of 27 and z.
27
Let n be 6/(-33) - 90/(-11). What is the greatest common divisor of 8 and n?
8
Let p be ((-782)/(-10) - 1/5) + -2. What is the greatest common factor of 19 and p?
19
Let d(s) = 2*s**2 + 5*s + 4. Suppose 0 = -o - 5 + 1. Let t be d(o). Suppose 4*m = -0*m + t. What is the greatest common divisor of 2 and m?
2
Suppose -180 - 72 = -7*n. Calculate the highest common divisor of 9 and n.
9
Let z = 32 + -21. Calculate the greatest common divisor of z and 55.
11
Let l(u) = -11*u - 22. Let o be l(-5). Let g = 24 + -14. Let v = g + -7. Calculate the highest common divisor of o and v.
3
Let g be (-72)/27 - 2/(-3). Let y be (48 - g)*(-3)/(-2). What is the highest common factor of 15 and y?
15
Let l be 8*1/(8/18). Calculate the highest common factor of 12 and l.
6
Let j be (68/10)/((-14)/(-35)). Suppose -w + j - 13 = 0. What is the highest common divisor of w and 4?
4
Let x be (-209)/57*12/(-2). Let c(n) = 35*n - 3. Let i be c(7). Calculate the highest common divisor of i and x.
22
Suppose -15 = -a + 13. What is the highest common divisor of a and 42?
14
Let n(f) = -f + 1. Let w be n(-1). Let m = w + -2. Let i = 4 - m. What is the highest common divisor of i and 16?
4
Let m(w) = w**2 - 13*w - 2. Suppose -5*j - 4*x + 61 = -x, 59 = 4*j - x. Let r be m(j). Calculate the highest common factor of 4 and r.
4
Let k = 106 + -97. What is the highest common factor of 12 and k?
3
Let q(s) = -18*s**3 - s**2 + 1. Let b be q(-1). What is the highest common factor of b and 90?
18
Suppose -9 = -2*b + 7. What is the highest common factor of 88 and b?
8
Let m(u) = 3*u. Let s be m(-1). Let q be (1/s)/(7/(-21)). Let d be (q + 1)*(-4)/(-1). What is the highest common divisor of 8 and d?
8
Suppose 3*y - l - 35 = -4, -3*l = 5*y - 47. Calculate the highest common factor of y and 50.
10
Let l = 5 - 10. Let k(d) = -5*d - 3. Let v be k(l). What is the greatest common divisor of 11 and v?
11
Let s be (-1)/2 + (-425)/(-10). What is the highest common divisor of s and 14?
14
Let n = -11 + 29. Calculate the greatest common factor of n and 6.
6
Let w be (-2 - 0)/(0 + 1). Let p be 2/4*(-44)/w. What is the greatest common factor of p and 11?
11
Let g be (2/4)/((-2)/(-16)). Suppose -5*u + 0*u = -25. Let o be 36/9*u/1. What is the highest common factor of g and o?
4
Let n = -281 + 49. Let g be (-1)/3 + n/(-12). What is the greatest common divisor of g and 133?
19
Suppose -2*s + 6 = 0, -2*h - 19 = 2*s - 91. Suppose -n + 21 = 4*g, 0 = -3*n + g + 2*g + h. What is the highest common factor of n and 39?
13
Let w = 129 + -230. Let j = w - -178. Calculate the highest common factor of 7 and j.
7
Let i = -20 - -64. Suppose 3*v - i = -v. What is the greatest common divisor of v and 99?
11
Let h(i) = 5*i**3 + i**2 - i + 2. Let k be h(2). Suppose x = -2*a + 22, 5*a = x + 18 + 37. What is the greatest common divisor of k and a?
11
Let h = 13 - 8. What is the highest common factor of h and 25?
5
Let m(f) = -f**2 + 42. Suppose 5*d = 3*d. Let b be m(d). Let x(s) = -s + 11. Let p be x(5). Calculate the greatest common divisor of p and b.
6
Let t be 11 - 3/(-9)*3. What is the highest common factor of 120 and t?
12
Let q = 2 + 1. Let g be (q/5)/(2/90). Calculate the greatest common divisor of g and 18.
9
Let c = 6 - 2. Suppose -6*d + c = -4*d. Suppose 3*f + 2*r = 4*f - 14, d*f = -3*r. Calculate the greatest common factor of f and 18.
6
Suppose 0 = -3*z + 3*x + 90, 4*z - 2*z = -5*x + 46. Suppose 0 = -3*b - b + 4*f + z, 4*b - 18 = 2*f. What is the greatest common factor of 14 and b?
2
Let s(x) = 2*x**2 + 2*x - 5. Let r be s(5). Suppose 33 = 3*t - 0*t + 4*b, -5*t = -4*b - r. Calculate the highest common factor of t and 1.
1
Suppose 13 = -3*h + 55. Calculate the greatest common divisor of 14 and h.
14
Let r(h) = 4*h**2 - h + 1. Let u be r(2). What is the greatest common divisor of 10 and u?
5
Suppose 5*x + 0 = 10. Calculate the highest common factor of 5 and x.
1
Let b = 13 - 9. Suppose 4*g - 30 = -5*r, 5*g = 8*r - b*r - 24. Calculate the greatest common divisor of r and 15.
3
Suppose -3 - 2 = -5*d. Let s be 16 - d/1*1. Suppose -y - s = -4*y. Calculate the highest common divisor of 25 and y.
5
Suppose -4*g + 3*b = -39, 7*g = 3*g + 2*b + 34. Let k(p) = 6*p**3 + p + 1. Let c be k(-1). Let i = g - c. What is the highest common factor of i and 6?
6
Let j(f) = f + 1. Let q be j(3). Suppose -q*k = -3*u - 76, 0*u = -k + u + 20. Let a be 1/(1/8*1). What is the greatest common factor of k and a?
8
Let m be 12*(-1)/((-9)/42). What is the highest common factor of m and 8?
8
Suppose -4*h + 5 = 5*f - 49, -f - 6 = 5*h. Calculate the greatest common factor of 2 and f.
2
Let r = 5 + 3. Let g be 242/r + 2/(-8). Suppose -s = 2*z - 14, 0*z + 4 = -2*s + 4*z. Calculate the greatest common divisor of s and g.
6
Suppose -5*j - 4 + 24 = 0. Suppose j*o + 15 = 2*d - 67, -8 = -4*o. Calculate the greatest common divisor of 15 and d.
15
Let w be 1/(((-8)/4)/(-4)). Suppose -a + 3 - 1 = 0. Calculate the highest common factor of a and w.
2
Suppose -4*w - 1 = -5. What is the highest common factor of 1 and w?
1
Let r(y) = 7 + 22*y + 2*y**2 - 25*y + 0*y**2. Let f be r(3). What is the highest common divisor of f and 176?
16
Let h = 5 - -5. Calculate the highest common factor of 40 and h.
10
Let u(o) = o + 219. Let h be u(0). Suppose -3*v + h = 24. Suppose -2*q + 26 = -4*x, -3*q - 4*x + 29 = -10. Calculate the greatest common factor of v and q.
13
Let t be ((-27)/2)/((-27)/36). Suppose 5*f - 10 = -0*f. Calculate the highest common factor of t and f.
2
Let t(d) = -7*d - 2. Let h = 17 - 18. Let b be t(h). Calculate the greatest common divisor of 20 and b.
5
Let o be (-9)/18 - (-82)/4. Suppose -o = -t + 10. What is the highest common divisor of 20 and t?
10
Let p be (-2)/4*(-17 - 49). What is the highest common factor of 3 and p?
3
Let x(w) = 2*w**2 + 2*w - 4. Let g be x(-4). Suppose -13 = -5*u - 2*v + 21, g = 4*u + 4*v. Calculate the greatest common divisor of u and 64.
8
Let n = -15 - -14. Let m be 8*(n - -2)/1. Calculate the greatest common factor of m and 88.
8
Let o(f) = -f**2 - 18*f - 15. Let m be o(-15). Calculate the greatest common factor of 50 and m.
10
Let u = 296 + -98. What is the greatest common divisor of 18 and u?
18
Let r(w) = -w**3 + 2*w**2 + 4*w - 2. Suppose 9 = -0*u - 3*u. Let b = u + 6. Let p be r(b). Calculate the greatest common divisor of p and 6.
1
Let k(f) = f**3 + f**2 - 2*f + 2. Let o be k(0). Calculate the highest common factor of o and 8.
2
Suppose 0 = -4*z + 10 + 14. Calculate the greatest common divisor of z and 18.
6
Let n(z) be the third derivative of z**4/24 + 2*z**3 + 4*z**2. Let g be n(0). Let o be (3/(-4))/(2/(-8)). Calculate the highest common factor of o and g.
3
Let r(y) = -y**3 + 8*y**2 - 5*y - 9. Let q be r(7). Suppose -2*o - 1 = -q. Calculate the highest common factor of 6 and o.
2
Suppose -1 = -5*n + 29. What is the greatest common divisor of 48 and n?
6
Let d(c) be the second derivative of 2*c**3/3 + c**2 - 2*c. Let w be d(3). Calculate the highest common factor of 2 and w.
2
Let d be (1 - 2 - -46) + -2. Let y = d - 72. Let n = y + 43. What is the highest common divisor of n and 28?
14
Let m be (-1)/5 - 553/35. Let p = m - -58. What is the greatest common divisor of p and 6?
6
Suppose 3 = -t - 1, 2*t + 48 = 5*y. Let n be (1 + -3 - y) + -2. Let h be (n/7)/(8/(-196)). Calculate the greatest common divisor of 28 and h.
14
Suppose 0 = -2*t + 4*o + 48, 5*o - 6 = -t + o. Calculate the greatest common factor of 126 and t.
18
Suppose 0*w = -3*w - 21. Let j be ((-308)/8)/w*12. Let g be -33*(-5)/((-15)/(-2)). What is the highest common divisor of g and j?
22
Let w(k) = k**3 - 2*k + 2. Let u be w(-3). Let a = u + 38. Calculate the highest common divisor of 76 and a.
19
Suppose 3*